d 3.
1
Calculate the highest common factor of 20 and 68.
4
Calculate the highest common factor of 2924 and 3010.
86
Calculate the highest common divisor of 30 and 55.
5
What is the greatest common divisor of 7758 and 18?
18
What is the highest common factor of 384 and 6?
6
Calculate the highest common factor of 5 and 1805.
5
Calculate the greatest common divisor of 28 and 1750.
14
Calculate the highest common factor of 192 and 704.
64
Calculate the highest common factor of 17 and 5.
1
What is the greatest common divisor of 777 and 21?
21
Calculate the greatest common factor of 2 and 5.
1
What is the highest common factor of 50 and 12?
2
What is the greatest common factor of 34 and 8?
2
Calculate the greatest common factor of 972 and 24.
12
Calculate the greatest common divisor of 732 and 72.
12
What is the greatest common divisor of 99 and 63?
9
What is the highest common divisor of 4906 and 66?
22
Calculate the greatest common factor of 2875 and 230.
115
Calculate the highest common factor of 24 and 153.
3
What is the greatest common factor of 1888 and 128?
32
Calculate the highest common divisor of 5 and 19115.
5
Calculate the highest common divisor of 8 and 300.
4
Calculate the greatest common divisor of 81 and 117.
9
What is the highest common factor of 168 and 312?
24
What is the greatest common factor of 1212 and 4?
4
What is the greatest common factor of 55 and 160?
5
Calculate the greatest common factor of 13 and 29.
1
What is the greatest common factor of 15 and 630?
15
What is the highest common factor of 17 and 833?
17
What is the greatest common divisor of 141 and 21?
3
Calculate the highest common factor of 24 and 84.
12
What is the greatest common factor of 2169 and 9?
9
Calculate the highest common divisor of 2 and 3218.
2
Calculate the highest common divisor of 511 and 146.
73
Calculate the highest common divisor of 172 and 8.
4
What is the greatest common divisor of 5 and 115?
5
Calculate the highest common factor of 57 and 95.
19
Calculate the greatest common factor of 4978 and 524.
262
Calculate the highest common divisor of 9 and 279.
9
What is the greatest common factor of 123 and 41?
41
Calculate the highest common factor of 30 and 495.
15
Calculate the greatest common factor of 208 and 176.
16
What is the greatest common divisor of 120 and 96?
24
Calculate the highest common factor of 7409 and 186.
31
What is the highest common factor of 6 and 2094?
6
What is the greatest common factor of 17 and 6562?
17
What is the highest common factor of 96 and 96?
96
What is the highest common divisor of 1925 and 154?
77
What is the greatest common divisor of 132 and 7062?
66
Calculate the greatest common divisor of 23759 and 46.
23
What is the greatest common factor of 15 and 205?
5
What is the highest common divisor of 128 and 56?
8
What is the greatest common divisor of 18 and 14?
2
What is the highest common factor of 320 and 116?
4
Calculate the greatest common factor of 528 and 1914.
66
Calculate the greatest common divisor of 6492 and 12.
12
Calculate the greatest common factor of 2656 and 83.
83
What is the greatest common factor of 21 and 35?
7
Calculate the greatest common factor of 355 and 5.
5
What is the highest common divisor of 130 and 6565?
65
What is the greatest common divisor of 1066 and 1722?
82
Calculate the highest common factor of 493 and 17.
17
What is the greatest common divisor of 214 and 11877?
107
Calculate the highest common divisor of 115 and 20.
5
Calculate the greatest common factor of 693 and 147.
21
Calculate the greatest common factor of 441 and 1421.
49
Calculate the highest common divisor of 1200 and 150.
150
What is the highest common divisor of 85 and 20825?
85
What is the greatest common factor of 4175 and 25?
25
Calculate the highest common divisor of 95 and 20.
5
What is the highest common divisor of 70 and 18298?
14
Calculate the greatest common divisor of 324 and 8.
4
Calculate the greatest common factor of 3026 and 178.
178
What is the greatest common factor of 42 and 1470?
42
What is the greatest common divisor of 6 and 678?
6
Calculate the greatest common factor of 8 and 223.
1
Calculate the greatest common divisor of 190 and 8.
2
Calculate the greatest common divisor of 2 and 78.
2
Calculate the highest common divisor of 600 and 48.
24
Calculate the greatest common divisor of 4 and 86.
2
Calculate the greatest common factor of 3 and 3.
3
Calculate the highest common factor of 24 and 66.
6
Calculate the greatest common divisor of 2255 and 385.
55
What is the greatest common factor of 48 and 24?
24
What is the highest common factor of 22 and 1012?
22
What is the greatest common divisor of 228 and 969?
57
What is the greatest common divisor of 17 and 459?
17
Calculate the greatest common divisor of 1161 and 108.
27
What is the highest common divisor of 3059 and 931?
133
Calculate the greatest common divisor of 300 and 850.
50
What is the greatest common factor of 18 and 5646?
6
Calculate the greatest common factor of 57 and 4503.
57
What is the highest common factor of 33 and 759?
33
Calculate the highest common factor of 10258 and 4.
2
Calculate the highest common divisor of 1037 and 427.
61
Calculate the greatest common factor of 88 and 472.
8
What is the greatest common factor of 684 and 1938?
114
What is the greatest common divisor of 140 and 4270?
70
Calculate the greatest common factor of 45 and 45.
45
What is the greatest common factor of 7548 and 51?
51
Calculate the highest common factor of 61 and 2989.
61
What is the highest common factor of 4 and 1636?
4
What is the greatest common factor of 4070 and 2775?
185
Calculate the highest common divisor of 5 and 280.
5
Calculate the greatest common factor of 4665 and 30.
15
Calculate the highest common factor of 15 and 45.
15
What is the highest common factor of 6612 and 1596?
228
Calculate the highest common divisor of 32 and 9896.
8
Calculate the greatest common factor of 9 and 9.
9
What is the highest common factor of 278 and 13205?
139
What is the greatest common divisor of 20 and 230?
10
Calculate the greatest common divisor of 182 and 3626.
14
What is the highest common divisor of 7766 and 22?
22
What is the highest common factor of 219 and 64386?
219
What is the highest common divisor of 1275 and 170?
85
Calculate the greatest common divisor of 42 and 7854.
42
What is the greatest common divisor of 98 and 994?
14
Calculate the greatest common factor of 35125 and 250.
125
Calculate the greatest common factor of 256 and 160.
32
Calculate the highest common factor of 119 and 221.
17
Calculate the greatest common factor of 243 and 18.
9
What is the greatest common factor of 12 and 528?
12
What is the greatest common divisor of 138 and 46?
46
Calculate the highest common factor of 1228 and 4.
4
Calculate the greatest common divisor of 585 and 45.
45
Calculate the greatest common divisor of 50 and 2175.
25
What is the greatest common divisor of 731 and 221?
17
What is the highest common divisor of 121 and 35574?
121
What is the greatest common divisor of 469 and 189?
7
Calculate the greatest common factor of 208 and 286.
26
What is the highest common factor of 99 and 11?
11
What is the greatest common divisor of 11862 and 18?
18
What is the highest common divisor of 273 and 26?
13
What is the greatest common divisor of 1370 and 10?
10
Calculate the highest common divisor of 783 and 513.
27
Calculate the highest common divisor of 104 and 6344.
104
What is the greatest common divisor of 288 and 162?
18
Calculate the greatest common divisor of 178 and 26.
2
What is the highest common divisor of 496 and 48?
16
Calculate the highest common factor of 3250 and 1170.
130
What is the greatest common divisor of 5 and 20?
5
Calculate the highest common factor of 25 and 8500.
25
What is the greatest common divisor of 598 and 208?
26
Calculate the greatest common factor of 294 and 4242.
42
What is the highest common factor of 16 and 972?
4
What is the greatest common factor of 595 and 935?
85
Calculate the highest common divisor of 5 and 23.
1
Calculate the highest common divisor of 50 and 1850.
50
What is the highest common factor of 45 and 125?
5
Calculate the greatest common factor of 96 and 5.
1
What is the highest common factor of 10 and